d by -2 - (-3 - -3) - g?
0
Suppose 2*y = -0*y + 40. Suppose 0 = 2*v - 14 - y. Calculate the remainder when v is divided by 5.
2
Let w(d) = -d**3 + 2*d**2 + 3*d + 4. Let t be w(3). Suppose -96 + 22 = -3*p - o, 88 = 4*p + t*o. Calculate the remainder when p is divided by (75/5)/5 + 4.
5
Calculate the remainder when 267 is divided by (-5 - (-156)/15)*(3 - -2).
24
Let b = 3 + -2. Suppose -2*h = 3*q - 4, 0*q + 2 = h + 5*q. Suppose 6 = -h*n, -4*w + 2 = -5*n - 17. What is the remainder when b is divided by w?
0
Suppose -c - 375 = -5*t - 67, c = -3. Let r = 31 + -12. Suppose 4*h = r + 65. What is the remainder when t is divided by h?
19
Let h(w) = -w**2 + 6*w + 1. Let l = 104 - 102. Calculate the remainder when l is divided by h(6).
0
Let j = 44 - -6. Calculate the remainder when j is divided by 18.
14
Suppose 94 = -2*n + 2*x, -2*n = -0*n + x + 88. Let a = -29 - n. Let b(y) = -y**3 - 7*y**2 - y + 2. What is the remainder when a is divided by b(-7)?
7
Suppose -2*c + 21 = -1. Calculate the remainder when c is divided by 6.
5
Let z = 87 - -32. Calculate the remainder when z is divided by 20.
19
Let z(x) be the second derivative of x**3/3 - 7*x**2/2 + x. Suppose 0*k - 100 = -5*k. Calculate the remainder when k is divided by z(7).
6
Let g = -3 + 0. Let u be -2 + (-2 + -1)/g. Calculate the remainder when 8 is divided by u/(-1) - 4/(-2).
2
Calculate the remainder when 246 is divided by (4 - (-2 - -4))*31/2.
29
Let h(c) = -c**2 + 7*c - 2. Let m be h(5). Let n = m + 6. Let q(d) = -2*d + 1. What is the remainder when n is divided by q(-2)?
4
Suppose 0 + 16 = 4*y. Suppose -17 = 33*g - 182. Calculate the remainder when g is divided by y.
1
Calculate the remainder when (-4)/(-14) - 870/(-42) is divided by 8.
5
Let g = -5 + 7. Suppose 31 = 5*y + r, -3*r - 2*r - 55 = -5*y. Calculate the remainder when y is divided by 1/3*(11 - g).
1
Let u = 6 - 6. Let b = u - -1. What is the remainder when b is divided by 1?
0
Let n(p) be the second derivative of p**4/12 - p**3 + 5*p**2/2 + 2*p. Calculate the remainder when n(6) is divided by (0 + 3/1)/1.
2
Suppose -284 = -8*x + 4*x. Suppose -8*t = -3*t - 2*w - x, -10 = -t - w. Calculate the remainder when t is divided by (1 - -2) + 24/6.
6
Let g = 28 + 89. Suppose 4*h - 83 + 11 = -4*m, 4*m + g = 5*h. What is the remainder when 40 is divided by h?
19
Let w(a) = a**3 + 22. What is the remainder when w(0) is divided by -6 + (0 + 1)*18?
10
Let c(a) = 2*a + 23. Calculate the remainder when c(0) is divided by 12.
11
Let k = 8 - 8. Suppose k = -5*v + 92 + 58. What is the remainder when 59 is divided by v?
29
Suppose 4*s - 125 + 13 = 0. Calculate the remainder when 53 is divided by s.
25
Suppose -o + 17 + 0 = 0. Let t(u) be the third derivative of u**5/60 + u**4/8 - u**3/6 - u**2. What is the remainder when o is divided by t(-5)?
8
Suppose 5*h = b + 177, h = -2*h - b + 103. Calculate the remainder when 138 is divided by h.
33
Suppose -90 = -5*y + 215. Let t(s) = s**3 - 7*s**2 - 17*s + 7. What is the remainder when y is divided by t(9)?
13
Let d(z) = z**3 - 6*z**2 + 11*z - 1. What is the remainder when 84 is divided by d(5)?
26
Suppose -g = -3*h + 4*h - 12, -3*g = -3*h - 54. Let m = 52 + -23. Calculate the remainder when m is divided by g.
14
Let m = 2 + 15. What is the remainder when 65 is divided by m?
14
Suppose 3*d + 16 = 2*g + 156, 5*g = -5*d + 250. Let y = 49 - 24. What is the remainder when d is divided by y?
23
Let z(c) = -c**3 - 3*c**2 + 2*c - 3. Let t be z(-4). Suppose 2*q - 7*q = -t. Calculate the remainder when -2*(0 + 2/(-4)) is divided by q.
0
Let f = 83 + -57. Calculate the remainder when f is divided by 7.
5
Suppose 2*z - z = 2. Let x(j) = -j**2 + 7*j - 8. What is the remainder when x(4) is divided by z?
0
Let b(a) = -a**2 - 11*a + 13. Calculate the remainder when b(-6) is divided by 22.
21
Let h(k) = 12*k - 3. Calculate the remainder when h(3) is divided by 12.
9
Suppose 608 = 5*g - b, -b - 614 = -5*g - 3*b. What is the remainder when g is divided by 25?
22
Let s(b) = b**3 + 9*b**2 + 6*b - 17. Calculate the remainder when s(-7) is divided by 21.
18
Let n = -70 - -119. Let b = 18 - 41. Let a = 40 + b. Calculate the remainder when n is divided by a.
15
Suppose 0 = -5*n + 203 - 43. Let i = n + -23. Calculate the remainder when i is divided by 4 - (-2)/(-4)*-2.
4
Suppose -3*x - 15 = -6, -4*c = -4*x - 136. Calculate the remainder when c is divided by 8.
7
Let s be 1 + -2 + 5 + 1. Let j be s/2*(6 - 4). Suppose -2*g - 19 = -6*d + d, 0 = -j*d - 2*g + 31. Calculate the remainder when d is divided by 3.
2
Let o(h) = h**3 + h**2 - 2*h + 3. Let k(d) = d + 32. Calculate the remainder when k(0) is divided by o(2).
10
Let p(c) = c**2 + 8*c + 5. Let d be p(-9). Suppose 0 = -2*y + 4*x + d, -3*y - x = x - 61. Calculate the remainder when 50 is divided by y.
16
Calculate the remainder when 26 is divided by 18 + (-1)/2*4.
10
What is the remainder when 18 is divided by (-42)/(-4) + (-2)/4?
8
Calculate the remainder when 15 is divided by 1/2 + 18/4.
0
Let h = -66 + 93. Calculate the remainder when h is divided by (-111)/(-15) - (-18)/(-45).
6
Suppose 0 = -g - 2 + 1, g + 31 = 3*w. What is the remainder when 38 is divided by w?
8
Suppose -h + 5*o + 3 = -18, -3*o = 12. Let z be (-3)/(-9)*3 + h. Suppose 5*n = 15, -s - 2 - 1 = -z*n. Calculate the remainder when 5 is divided by s.
2
Let q be 7*(2 + (-1)/(-1)). Suppose -3*a = 3*z - 30, 2*z = -0*z - 3*a + q. What is the remainder when 32 is divided by z?
5
Let v(n) = -12*n + 41. Calculate the remainder when v(-12) is divided by 47.
44
Suppose 0 = -2*s - 31 + 11. Let o = 4 - s. What is the remainder when 3*8 - -1 - -2 is divided by o?
13
Let z(q) = 3*q - 3. Let u be z(2). Suppose -k - 2*d + 43 = 0, -68 = -2*k - 3*d + 19. Suppose k = u*c - 12. Calculate the remainder when c is divided by 5.
4
Let s = 35 - 16. Suppose -2*r = -s + 1. Calculate the remainder when r is divided by 3.
0
Suppose 0 = 4*j - 10 - 30. What is the remainder when 16 is divided by j?
6
Let s = 5 + -6. Let q(i) = 40*i**2 - i. What is the remainder when q(s) is divided by 14?
13
Let b(w) = -3*w + 4. Let o = 2 - -1. Let j be b(o). Let q(v) = -2*v. What is the remainder when q(j) is divided by 3?
1
Let v(n) = n**2 - 7*n + 7. Let g be v(6). Let j = 11 + g. Calculate the remainder when 21 is divided by j.
9
Calculate the remainder when 540/25*20/8 is divided by 17.
3
Suppose 77 - 293 = -6*n. Suppose 29 = 3*f + t, 2*t = -5*f + f + n. What is the remainder when 17 is divided by f?
6
Let p = 9 + -7. Let g(b) = 3*b**2 + 1. Let h be g(1). What is the remainder when h/(-20) + 26/5 is divided by p?
1
What is the remainder when 33 is divided by 4 - (-13 + 2 + -3)?
15
Suppose -8*d = -255 - 241. What is the remainder when d is divided by 21?
20
Suppose 38 = 5*u - 62. What is the remainder when 37 is divided by u?
17
Calculate the remainder when ((-255)/10)/((-3)/6) is divided by 9.
6
Suppose 0 = b - 2*q - 307, 0 = 5*b - 4*b - 5*q - 295. What is the remainder when b is divided by 53?
50
Suppose y + 0*a - 17 = -a, -5*y - 3*a + 85 = 0. What is the remainder when 100 is divided by y?
15
Suppose 0 = -5*x + r + 774, 3*x - 4*r + 314 = 5*x. What is the remainder when x is divided by 52?
51
Suppose -4*q - 5*f = -44, -q = 5*f + 2 - 13. Suppose 1142 = -5*m - 288. What is the remainder when (-6)/(-27) + m/(-9) is divided by q?
10
Suppose r = 4*r + 3*x - 6, x = 3*r - 22. Calculate the remainder when 23 is divided by r.
5
Let a be -2 - 11*(3 - 5). Suppose 0 = 3*q - 5*c - 10, 5*q - a = 8*c - 3*c. Calculate the remainder when 14 is divided by q.
4
Suppose 25 + 8 = 3*b. Calculate the remainder when 30 is divided by b.
8
Let k(b) = b + 16. What is the remainder when 99 is divided by k(9)?
24
What is the remainder when 33 is divided by 6/(-2 - -4) - -14?
16
Suppose 2*q - 228 = -q. Calculate the remainder when q is divided by 27.
22
Let m be ((-4)/(-6))/((-2)/(-15)). Suppose -m*k + p = -0*p - 199, -2*k + 75 = -5*p. Let j = -19 + k. What is the remainder when j is divided by 11?
10
Let a be (-6 + 3 - -2) + 23. Suppose -3*f = -f - a. Calculate the remainder when 20 is divided by f.
9
Suppose -5*o + 50 = -5*i, -2*o + 4*i = i - 22. Let j(m) = -m**2 + 11*m - 10. What is the remainder when j(o) is divided by 2/(-9) + (-222)/(-27)?
6
Suppose -3*y - 1 = 5, 0 = 4*b - 4*y - 1